{"id":38,"date":"2018-07-23T15:58:07","date_gmt":"2018-07-23T13:58:07","guid":{"rendered":"http:\/\/shop.liquidpixels.eu\/ego3d\/?page_id=38"},"modified":"2020-09-14T11:26:04","modified_gmt":"2020-09-14T09:26:04","slug":"impressum","status":"publish","type":"page","link":"https:\/\/www.ego-3d.de\/modellbau\/impressum\/","title":{"rendered":"Impressum"},"content":{"rendered":"<p>[et_pb_section fb_built=&#8220;1&#8243; _builder_version=&#8220;4.6.1&#8243; background_color=&#8220;rgba(0,0,0,0)&#8220;][et_pb_row _builder_version=&#8220;3.25&#8243; background_color=&#8220;rgba(255,255,255,0.65)&#8220; custom_margin=&#8220;0px||20px|&#8220; custom_padding=&#8220;15px|15px|15px|15px&#8220; box_shadow_style=&#8220;preset1&#8243;][et_pb_column type=&#8220;4_4&#8243; _builder_version=&#8220;3.25&#8243; custom_padding=&#8220;|||&#8220; custom_padding__hover=&#8220;|||&#8220;][et_pb_post_title meta=&#8220;off&#8220; _builder_version=&#8220;3.14&#8243; title_font_size=&#8220;40px&#8220; title_font_size_tablet=&#8220;30px&#8220; title_font_size_phone=&#8220;26px&#8220; title_font_size_last_edited=&#8220;on|phone&#8220; saved_tabs=&#8220;all&#8220;][\/et_pb_post_title][et_pb_text _builder_version=&#8220;3.27.4&#8243;]<\/p>\n<p>Gesetzliche Anbieterkennung:<\/p>\n<p>EGO3D<br \/> Robert Fischer<\/p>\n<p> D\u00fcsseldorfer Str. 211<br \/> 45481 M\u00fclheim\/Ruhr<br \/> Telefon: 0208\/46918177<br \/> Telefax: 0208\/46918179<br \/> Email: <a class=\"bodylink\" href=\"mailto:info@ego-3d.de\">info@ego-3d.de<\/a><\/p>\n<p> Steuernr.: 120\/5068\/1427<br \/> Finanzamt: M\u00fclheim\/Ruhr<br \/> USt-ID: DE265736645<\/p>\n<p>Inhaltlich Verantwortlicher gem\u00e4\u00df \u00a7 55 RStV:<br \/> Herr Robert Fischer &#8211; D\u00fcsseldorfer Str. 211\u00a0 &#8211; 45481 M\u00fclheim &#8211; Deutschland<\/p>\n<p> Gesetzliche Berufsbezeichnung:\u00a0 Bildhauer\u00a0 (verliehen in Deutschland)<\/p>\n<p> Die Europ\u00e4ische Kommission stellt eine Plattform f\u00fcr die au\u00dfergerichtliche Online-Streitbeilegung (OS-Plattform) bereit, aufrufbar unter <a class=\"bodylink\" href=\"http:\/\/ec.europa.eu\/odr\" target=\"main\">http:\/\/ec.europa.eu\/odr<\/a> (http:\/\/ec.europa.eu\/odr).<\/p>\n<p> Wir sind seit 28.11.2016 Mitglied der Initiative &#8222;FairCommerce&#8220;.<br \/> N\u00e4here Informationen hierzu finden Sie unter www.fair-commerce.de.<\/p>\n<div class=\"impressum\">powered by <a rel=\"nofollow noopener\" target=\"_blank\" title=\"JTL-Shop\" href=\"http:\/\/jtl-url.de\/jtlshop\">JTL-Shop<\/a><\/div>\n<p>[\/et_pb_text][\/et_pb_column][\/et_pb_row][\/et_pb_section]<\/p>\n","protected":false},"excerpt":{"rendered":"<p>Gesetzliche Anbieterkennung: EGO3D Robert Fischer D\u00fcsseldorfer Str. 211 45481 M\u00fclheim\/Ruhr Telefon: 0208\/46918177 Telefax: 0208\/46918179 Email: info@ego-3d.de Steuernr.: 120\/5068\/1427 Finanzamt: M\u00fclheim\/Ruhr USt-ID: DE265736645 Inhaltlich Verantwortlicher gem\u00e4\u00df \u00a7 55 RStV: Herr Robert Fischer &#8211; D\u00fcsseldorfer Str. 211\u00a0 &#8211; 45481 M\u00fclheim &#8211; Deutschland Gesetzliche Berufsbezeichnung:\u00a0 Bildhauer\u00a0 (verliehen in Deutschland) Die Europ\u00e4ische Kommission stellt eine Plattform f\u00fcr die au\u00dfergerichtliche [&hellip;]<\/p>\n","protected":false},"author":1,"featured_media":0,"parent":0,"menu_order":0,"comment_status":"closed","ping_status":"closed","template":"","meta":{"_et_pb_use_builder":"on","_et_pb_old_content":"","_et_gb_content_width":""},"_links":{"self":[{"href":"https:\/\/www.ego-3d.de\/modellbau\/wp-json\/wp\/v2\/pages\/38"}],"collection":[{"href":"https:\/\/www.ego-3d.de\/modellbau\/wp-json\/wp\/v2\/pages"}],"about":[{"href":"https:\/\/www.ego-3d.de\/modellbau\/wp-json\/wp\/v2\/types\/page"}],"author":[{"embeddable":true,"href":"https:\/\/www.ego-3d.de\/modellbau\/wp-json\/wp\/v2\/users\/1"}],"replies":[{"embeddable":true,"href":"https:\/\/www.ego-3d.de\/modellbau\/wp-json\/wp\/v2\/comments?post=38"}],"version-history":[{"count":6,"href":"https:\/\/www.ego-3d.de\/modellbau\/wp-json\/wp\/v2\/pages\/38\/revisions"}],"predecessor-version":[{"id":2005,"href":"https:\/\/www.ego-3d.de\/modellbau\/wp-json\/wp\/v2\/pages\/38\/revisions\/2005"}],"wp:attachment":[{"href":"https:\/\/www.ego-3d.de\/modellbau\/wp-json\/wp\/v2\/media?parent=38"}],"curies":[{"name":"wp","href":"https:\/\/api.w.org\/{rel}","templated":true}]}}