{"id":3284,"date":"2023-07-11T16:31:11","date_gmt":"2023-07-11T14:31:11","guid":{"rendered":"https:\/\/www.ego-3d.de\/modellbau\/?page_id=3284"},"modified":"2023-07-11T16:31:11","modified_gmt":"2023-07-11T14:31:11","slug":"ego3d-bueste-als-mordwaffe","status":"publish","type":"page","link":"https:\/\/www.ego-3d.de\/modellbau\/ego3d-bueste-als-mordwaffe\/","title":{"rendered":"EGO3D-B\u00fcste als Mordwaffe"},"content":{"rendered":"<p>[et_pb_section fb_built=&#8220;1&#8243; _builder_version=&#8220;4.19.4&#8243; _module_preset=&#8220;default&#8220; background_color=&#8220;RGBA(255,255,255,0)&#8220; background_enable_image=&#8220;off&#8220; background_size=&#8220;initial&#8220; background_position=&#8220;top_center&#8220; background_repeat=&#8220;repeat-y&#8220; global_colors_info=&#8220;{}&#8220; theme_builder_area=&#8220;post_content&#8220;][et_pb_row column_structure=&#8220;1_2,1_2&#8243; module_id=&#8220;Freud-B\u00fcste&#8220; _builder_version=&#8220;4.19.4&#8243; background_color=&#8220;rgba(255,255,255,0.65)&#8220; custom_margin=&#8220;0px||20px|&#8220; custom_padding=&#8220;15px|15px|15px|15px&#8220; box_shadow_style=&#8220;preset1&#8243; global_colors_info=&#8220;{}&#8220; theme_builder_area=&#8220;post_content&#8220;][et_pb_column type=&#8220;1_2&#8243; _builder_version=&#8220;4.16&#8243; custom_padding=&#8220;|||&#8220; global_colors_info=&#8220;{}&#8220; custom_padding__hover=&#8220;|||&#8220; theme_builder_area=&#8220;post_content&#8220;][et_pb_text _builder_version=&#8220;4.19.4&#8243; global_colors_info=&#8220;{}&#8220; theme_builder_area=&#8220;post_content&#8220;]<\/p>\n<h2><strong>Eine EGO3D-B\u00fcste wird zur Mordwaffe<br \/><\/strong><\/h2>\n<h2>Die Rosenheim-Cops ermitteln<\/h2>\n<p style=\"text-align: justify;\">Als Teil unserer Reihe <a href=\"https:\/\/www.ego-3d.de\/Buesten-beruehmter-Persoenlichkeiten_1\">B\u00fcsten ber\u00fchmter Pers\u00f6nlichkeiten<\/a> modellierten wir vor einigen Jahren eine B\u00fcste des ber\u00fchmten Begr\u00fcnders der Psychoanalyse Sigmund Freud. Was wir damals noch nicht ahnen konnten: Diese B\u00fcste w\u00fcrde einst als Mordwaffe dienen!<br \/>Doch zum Gl\u00fcck nicht in der Wirklichkeit, sondern in der ZDF-Vorabend-Serie \u201edie Rosenheim-Cops\u201c.<\/p>\n<p>[\/et_pb_text][et_pb_image src=&#8220;https:\/\/www.ego-3d.de\/modellbau\/wp-content\/uploads\/2023\/03\/EGO3D-Bueste_in_ZDF-Vorabendserie_1.jpg&#8220; title_text=&#8220;EGO3D-B\u00fcste_in_ZDF-Vorabendserie_1&#8243; align_tablet=&#8220;center&#8220; align_phone=&#8220;&#8220; align_last_edited=&#8220;on|desktop&#8220; module_id=&#8220;anker_heulende_helden&#8220; _builder_version=&#8220;4.19.4&#8243; custom_margin=&#8220;||15px|&#8220; box_shadow_style=&#8220;preset1&#8243; box_shadow_blur=&#8220;10px&#8220; global_colors_info=&#8220;{}&#8220; theme_builder_area=&#8220;post_content&#8220;][\/et_pb_image][et_pb_text _builder_version=&#8220;4.19.4&#8243; global_colors_info=&#8220;{}&#8220; theme_builder_area=&#8220;post_content&#8220;]<\/p>\n<p><em>Der Tatort wird begutachtet. Die EGO3D-Freud-B\u00fcste liegt neben dem Opfer<br \/>Bildquelle: ZDF-Mediathek, Ausschnitt aus der Serie &#8222;Die Rosenheim-Cops&#8220;<br \/><\/em><\/p>\n<p>[\/et_pb_text][et_pb_image src=&#8220;https:\/\/www.ego-3d.de\/modellbau\/wp-content\/uploads\/2023\/03\/EGO3D-Bueste_von_Sigmund_Freud.jpg&#8220; title_text=&#8220;EGO3D-B\u00fcste_von_Sigmund_Freud&#8220; align_tablet=&#8220;center&#8220; align_phone=&#8220;&#8220; align_last_edited=&#8220;on|desktop&#8220; module_id=&#8220;anker_heulende_helden&#8220; _builder_version=&#8220;4.19.4&#8243; custom_margin=&#8220;||15px|&#8220; box_shadow_style=&#8220;preset1&#8243; box_shadow_blur=&#8220;10px&#8220; global_colors_info=&#8220;{}&#8220; theme_builder_area=&#8220;post_content&#8220;][\/et_pb_image][\/et_pb_column][et_pb_column type=&#8220;1_2&#8243; _builder_version=&#8220;4.16&#8243; custom_padding=&#8220;|||&#8220; global_colors_info=&#8220;{}&#8220; custom_padding__hover=&#8220;|||&#8220; theme_builder_area=&#8220;post_content&#8220;][et_pb_image src=&#8220;https:\/\/www.ego-3d.de\/modellbau\/wp-content\/uploads\/2023\/03\/EGO3D-Bueste_in_ZDF-Vorabendserie_2.jpg&#8220; title_text=&#8220;EGO3D-B\u00fcste_in_ZDF-Vorabendserie_2&#8243; align_tablet=&#8220;center&#8220; align_phone=&#8220;&#8220; align_last_edited=&#8220;on|desktop&#8220; module_id=&#8220;anker_heulende_helden&#8220; _builder_version=&#8220;4.19.4&#8243; custom_margin=&#8220;||15px|&#8220; box_shadow_style=&#8220;preset1&#8243; box_shadow_blur=&#8220;10px&#8220; global_colors_info=&#8220;{}&#8220; theme_builder_area=&#8220;post_content&#8220;][\/et_pb_image][et_pb_text _builder_version=&#8220;4.19.4&#8243; global_colors_info=&#8220;{}&#8220; theme_builder_area=&#8220;post_content&#8220;]<\/p>\n<p><em>Sogar Blut klebt an der B\u00fcste. Gekennzeichnet ist sie als Beweisst\u00fcck Nr. 3<br \/><\/em><em><\/em><em>Bildquelle: ZDF-Mediathek, Ausschnitt aus der Serie &#8222;Die Rosenheim-Cops&#8220;<\/em><\/p>\n<p>[\/et_pb_text][et_pb_image src=&#8220;https:\/\/www.ego-3d.de\/modellbau\/wp-content\/uploads\/2023\/03\/EGO3D-Bueste_in_ZDF-Vorabendserie_3.jpg&#8220; title_text=&#8220;EGO3D-B\u00fcste_in_ZDF-Vorabendserie_3&#8243; align_tablet=&#8220;center&#8220; align_phone=&#8220;&#8220; align_last_edited=&#8220;on|desktop&#8220; module_id=&#8220;anker_heulende_helden&#8220; _builder_version=&#8220;4.19.4&#8243; custom_margin=&#8220;||15px|&#8220; box_shadow_style=&#8220;preset1&#8243; box_shadow_blur=&#8220;10px&#8220; global_colors_info=&#8220;{}&#8220; theme_builder_area=&#8220;post_content&#8220;][\/et_pb_image][et_pb_text _builder_version=&#8220;4.19.4&#8243; global_colors_info=&#8220;{}&#8220; theme_builder_area=&#8220;post_content&#8220;]Bildquelle: ZDF-Mediathek, Ausschnitt aus der Serie &#8222;Die Rosenheim-Cops&#8220;<\/em><\/p>\n<p>[\/et_pb_text][et_pb_text _builder_version=&#8220;4.19.4&#8243; global_colors_info=&#8220;{}&#8220; theme_builder_area=&#8220;post_content&#8220;]<\/p>\n<p style=\"text-align: justify;\">In der Folge vom 14. M\u00e4rz 2023 wird ein Paartherapeut tot aufgefunden, erschlagen von einer massiven wei\u00dfen Freud-B\u00fcste. Was die Zuschauer nicht wissen konnten ist, dass unsere B\u00fcste eigentlich gar nicht als Waffe dienen k\u00f6nnte. Der hochwertige Kunststoff dieser im 3D-Druck gefertigten B\u00fcsten ist viel zu leicht, um einem gestandenen Paartherapeuten gef\u00e4hrlich zu werden.<\/p>\n<p style=\"text-align: justify;\">Doch im Film erkennt man das nicht. Dort erscheint die B\u00fcste wie ein massives Kunstobjekt aus Gips oder Marmor. Und nat\u00fcrlich klebt sogar etwas Blut an der Oberfl\u00e4che. Daneben steht der obligatorische Marker, der dieses Beweisst\u00fcck kennzeichnet. Derweil unterhalten sich die Rosenheim-Cops \u00fcber private Angelegenheiten ehe sie sich ihrer Arbeit zuwenden. Wie immer eine Folge mit Schmunzelfaktor! Wer der M\u00f6rder oder die M\u00f6rderin war, wollen wir an dieser Stelle jedoch nicht verraten.<\/p>\n<p style=\"text-align: justify;\">Es ist nicht die erste B\u00fcste von EGO3D, die ihren Weg ins Fernsehen fand. Wir modellierten auch ber\u00fchmte Personen aus den Medien wie zum Beispiel Thomas Gottschalk, der die B\u00fcste als Geschenk von G\u00fcnter Jauch \u00fcberreicht bekam. Die Kabarettisten Urban Priol und Georg Schramm verewigten wir ebenso als B\u00fcsten im Auftrag des ZDFs.<br \/>Unsere M\u00f6glichkeiten, individuelle B\u00fcsten, Skulpturen und unz\u00e4hlige weitere Objekte herzustellen, und das schnell, hochwertig und zu fairen Preisen wurde immer wieder von Film und Fernsehen genutzt.<\/p>\n<p>[\/et_pb_text][et_pb_text module_id=&#8220;anker_deutsche_oper&#8220; _builder_version=&#8220;4.16&#8243; global_colors_info=&#8220;{}&#8220; theme_builder_area=&#8220;post_content&#8220;]<\/p>\n<p style=\"text-align: justify;\">Dieser Auftrag ist ein Beispiel daf\u00fcr, dass wir auch ungew\u00f6hnliche Ideen umsetzen. F\u00fcr uns ist es immer eine willkommene Herausforderung, wenn unsere Kunden sich mit ausgefallenen Ideen an uns wenden. Wir helfen gerne bereits bei der Planung solcher Projekte, fertigen Skizzen oder technische Zeichnungen an und finden L\u00f6sungen, wo andere nur mit dem Kopf sch\u00fctteln w\u00fcrden.<\/p>\n<p>[\/et_pb_text][\/et_pb_column][\/et_pb_row][\/et_pb_section]<\/p>\n","protected":false},"excerpt":{"rendered":"<p>Eine EGO3D-B\u00fcste wird zur Mordwaffe Die Rosenheim-Cops ermitteln Als Teil unserer Reihe B\u00fcsten ber\u00fchmter Pers\u00f6nlichkeiten modellierten wir vor einigen Jahren eine B\u00fcste des ber\u00fchmten Begr\u00fcnders der Psychoanalyse Sigmund Freud. Was wir damals noch nicht ahnen konnten: Diese B\u00fcste w\u00fcrde einst als Mordwaffe dienen!Doch zum Gl\u00fcck nicht in der Wirklichkeit, sondern in der ZDF-Vorabend-Serie \u201edie Rosenheim-Cops\u201c.Der [&hellip;]<\/p>\n","protected":false},"author":1,"featured_media":0,"parent":0,"menu_order":0,"comment_status":"closed","ping_status":"closed","template":"","meta":{"_et_pb_use_builder":"on","_et_pb_old_content":"","_et_gb_content_width":""},"_links":{"self":[{"href":"https:\/\/www.ego-3d.de\/modellbau\/wp-json\/wp\/v2\/pages\/3284"}],"collection":[{"href":"https:\/\/www.ego-3d.de\/modellbau\/wp-json\/wp\/v2\/pages"}],"about":[{"href":"https:\/\/www.ego-3d.de\/modellbau\/wp-json\/wp\/v2\/types\/page"}],"author":[{"embeddable":true,"href":"https:\/\/www.ego-3d.de\/modellbau\/wp-json\/wp\/v2\/users\/1"}],"replies":[{"embeddable":true,"href":"https:\/\/www.ego-3d.de\/modellbau\/wp-json\/wp\/v2\/comments?post=3284"}],"version-history":[{"count":2,"href":"https:\/\/www.ego-3d.de\/modellbau\/wp-json\/wp\/v2\/pages\/3284\/revisions"}],"predecessor-version":[{"id":3286,"href":"https:\/\/www.ego-3d.de\/modellbau\/wp-json\/wp\/v2\/pages\/3284\/revisions\/3286"}],"wp:attachment":[{"href":"https:\/\/www.ego-3d.de\/modellbau\/wp-json\/wp\/v2\/media?parent=3284"}],"curies":[{"name":"wp","href":"https:\/\/api.w.org\/{rel}","templated":true}]}}