{"id":3141,"date":"2023-03-29T17:27:23","date_gmt":"2023-03-29T15:27:23","guid":{"rendered":"https:\/\/www.ego-3d.de\/modellbau\/?page_id=3141"},"modified":"2023-03-29T17:27:23","modified_gmt":"2023-03-29T15:27:23","slug":"schmelzer-skulpturen","status":"publish","type":"page","link":"https:\/\/www.ego-3d.de\/modellbau\/schmelzer-skulpturen\/","title":{"rendered":"Schmelzer-Skulpturen"},"content":{"rendered":"<p>[et_pb_section fb_built=&#8220;1&#8243; _builder_version=&#8220;4.19.4&#8243; _module_preset=&#8220;default&#8220; background_color=&#8220;RGBA(255,255,255,0)&#8220; background_enable_image=&#8220;off&#8220; background_size=&#8220;initial&#8220; background_position=&#8220;top_center&#8220; background_repeat=&#8220;repeat-y&#8220; global_colors_info=&#8220;{}&#8220; theme_builder_area=&#8220;post_content&#8220;][et_pb_row column_structure=&#8220;1_2,1_2&#8243; _builder_version=&#8220;4.16&#8243; background_color=&#8220;rgba(255,255,255,0.65)&#8220; custom_margin=&#8220;0px||20px|&#8220; custom_padding=&#8220;15px|15px|15px|15px&#8220; box_shadow_style=&#8220;preset1&#8243; global_colors_info=&#8220;{}&#8220; theme_builder_area=&#8220;post_content&#8220;][et_pb_column type=&#8220;1_2&#8243; _builder_version=&#8220;4.16&#8243; custom_padding=&#8220;|||&#8220; global_colors_info=&#8220;{}&#8220; custom_padding__hover=&#8220;|||&#8220; theme_builder_area=&#8220;post_content&#8220;][et_pb_image src=&#8220;https:\/\/www.ego-3d.de\/modellbau\/wp-content\/uploads\/2020\/08\/EGO3D_Schmelzer-Skulptur_Miniatur_und_vergr\u00f6ssertes_Gussmodell.jpg&#8220; align=&#8220;center&#8220; align_tablet=&#8220;center&#8220; align_phone=&#8220;&#8220; align_last_edited=&#8220;on|desktop&#8220; _builder_version=&#8220;4.16&#8243; custom_margin=&#8220;||15px|&#8220; box_shadow_style=&#8220;preset1&#8243; box_shadow_blur=&#8220;10px&#8220; global_colors_info=&#8220;{}&#8220; theme_builder_area=&#8220;post_content&#8220;][\/et_pb_image][et_pb_text _builder_version=&#8220;4.16&#8243; global_colors_info=&#8220;{}&#8220; theme_builder_area=&#8220;post_content&#8220;]<\/p>\n<p><em>Pr\u00e4sentationsmodell des K\u00fcnstlers und auf 1,80 m vergr\u00f6\u00dfertes Gussmodell aus PU200, einem handwerklich sehr gut nachbearbeitbaren Material<\/em><\/p>\n<p>[\/et_pb_text][et_pb_image src=&#8220;https:\/\/www.ego-3d.de\/modellbau\/wp-content\/uploads\/2020\/08\/EGO3D_Schmelzer-Skulptur_K\u00fcnstler_bearbeitet_Gussmodell.jpg&#8220; align=&#8220;center&#8220; align_tablet=&#8220;center&#8220; align_phone=&#8220;&#8220; align_last_edited=&#8220;on|desktop&#8220; _builder_version=&#8220;4.16&#8243; custom_margin=&#8220;||15px|&#8220; box_shadow_style=&#8220;preset1&#8243; box_shadow_blur=&#8220;10px&#8220; global_colors_info=&#8220;{}&#8220; theme_builder_area=&#8220;post_content&#8220;][\/et_pb_image][et_pb_text _builder_version=&#8220;4.16&#8243; global_colors_info=&#8220;{}&#8220; theme_builder_area=&#8220;post_content&#8220;]<\/p>\n<p style=\"text-align: justify;\"><em>Die fertig gefr\u00e4sten Modelle bestanden aus einem Material, dass der K\u00fcnstler gut nachbearbeiten konnte. So konnte er den Charakter der Miniaturmodelle soweit ab\u00e4ndern, dass das Erscheinungsbild seinen W\u00fcnschen f\u00fcr die fertigen Skulpturen entsprach. W\u00e4hrend der K\u00fcnstler bei groben Arbeiten mit einer Flex abgebildet ist, ist unser Material jedoch so weich, dass es auch von Hand mit einer Feile oder einem Teppichmesser bearbeitet werden kann.<\/em><br \/> <em> Auf Wunsch k\u00f6nnen wir von EGO3D solche Arbeiten (wie z.B. Kanten Sch\u00e4rfen, Details verfeinern) auch digital vornehmen.<\/em><br \/> <em> Foto Quelle: Atelier Stratmann<\/em><\/p>\n<p>[\/et_pb_text][\/et_pb_column][et_pb_column type=&#8220;1_2&#8243; _builder_version=&#8220;4.16&#8243; custom_padding=&#8220;|||&#8220; global_colors_info=&#8220;{}&#8220; custom_padding__hover=&#8220;|||&#8220; theme_builder_area=&#8220;post_content&#8220;][et_pb_text _builder_version=&#8220;4.16&#8243; global_colors_info=&#8220;{}&#8220; theme_builder_area=&#8220;post_content&#8220;]<\/p>\n<h2><strong>Vergr\u00f6\u00dferung f\u00fcr den Bronzeguss:<\/strong><\/h2>\n<h2>Schmelzer-Skulpturen werden Vergr\u00f6\u00dfert und in handwerklich nachbearbeitbarem Material gefr\u00e4st<\/h2>\n<p style=\"text-align: justify;\">Im Dezember 1987 wurde nach 133 Jahren der letzte Hochofen in Hattingen ausgeblasen. Zur Erinnerung an die Geschichte der &#8222;Stahlstadt&#8220; Hattingen wurden auf den Tag genau 32 Jahre sp\u00e4ter zwei Schmelzer-Skulpturen auf dem Marktplatz in Welper eingeweiht. Die Kunstwerke wurden vom K\u00fcnstler Egon Stratmann entworfen. Die beiden Skulpturen bekamen die Namen &#8222;August&#8220; und &#8222;Rainer&#8220; und erinnern damit an die gleichnamigen Stahlarbeiter, die in ihren Silberm\u00e4nteln auf Demonstrationen gegen die Schlie\u00dfung der Stahlwerke immer vorangingen.<\/p>\n<p style=\"text-align: justify;\">Der K\u00fcnstler Egon Stratmann beauftragte EGO3D damit, seine Pr\u00e4sentationsmodelle zu vergr\u00f6\u00dfern und als Gussmodelle f\u00fcr den Aluminiumguss herzustellen. Daf\u00fcr scannten wir die zwei Figuren mit einem unserer 3D-Scanner ein und vergr\u00f6\u00dfertem die digitalen Modelle. Anschlie\u00dfend fr\u00e4sten wir die nun 1,80m gro\u00dfen Skulpturen in einem gut nachbearbeitbaren Material (PU200). So konnte der K\u00fcnstler abschlie\u00dfend an den gro\u00dfen Gussmodellen noch Hand anlegen und den &#8222;letzten k\u00fcnstlerischen Schliff&#8220; durchf\u00fchren.<\/p>\n<p style=\"text-align: justify;\">Schlie\u00dflich wurden die Figuren in Aluminium gegossen, passend zu den Silberanz\u00fcgen, die die beiden Stahlarbeiter sowohl einst bei der Arbeit, als auch bei den Demonstrationen immer trugen.<\/p>\n<p>[\/et_pb_text][et_pb_image src=&#8220;https:\/\/www.ego-3d.de\/modellbau\/wp-content\/uploads\/2020\/08\/EGO3D_Schmelzer-Skulpturen_Aluminium-G\u00fcsse_fertig_aufgestellt.jpg&#8220; align=&#8220;center&#8220; align_tablet=&#8220;center&#8220; align_phone=&#8220;&#8220; align_last_edited=&#8220;on|desktop&#8220; _builder_version=&#8220;4.16&#8243; custom_margin=&#8220;||15px|&#8220; box_shadow_style=&#8220;preset1&#8243; box_shadow_blur=&#8220;10px&#8220; global_colors_info=&#8220;{}&#8220; theme_builder_area=&#8220;post_content&#8220;][\/et_pb_image][et_pb_text module_id=&#8220;anker_ehrenstein&#8220; _builder_version=&#8220;4.16&#8243; global_colors_info=&#8220;{}&#8220; theme_builder_area=&#8220;post_content&#8220;]<\/p>\n<p style=\"text-align: justify;\"><em>Die fertigen Aluminiumskulpturen auf dem Marktplatz in Welper. Die Fotos stellte uns das Atelier Stratmann zur Verf\u00fcgung.<br \/> <\/em><\/p>\n<p>[\/et_pb_text][\/et_pb_column][\/et_pb_row][\/et_pb_section]<\/p>\n","protected":false},"excerpt":{"rendered":"<p>Pr\u00e4sentationsmodell des K\u00fcnstlers und auf 1,80 m vergr\u00f6\u00dfertes Gussmodell aus PU200, einem handwerklich sehr gut nachbearbeitbaren MaterialDie fertig gefr\u00e4sten Modelle bestanden aus einem Material, dass der K\u00fcnstler gut nachbearbeiten konnte. So konnte er den Charakter der Miniaturmodelle soweit ab\u00e4ndern, dass das Erscheinungsbild seinen W\u00fcnschen f\u00fcr die fertigen Skulpturen entsprach. W\u00e4hrend der K\u00fcnstler bei groben Arbeiten [&hellip;]<\/p>\n","protected":false},"author":1,"featured_media":0,"parent":0,"menu_order":0,"comment_status":"closed","ping_status":"closed","template":"","meta":{"_et_pb_use_builder":"on","_et_pb_old_content":"","_et_gb_content_width":""},"_links":{"self":[{"href":"https:\/\/www.ego-3d.de\/modellbau\/wp-json\/wp\/v2\/pages\/3141"}],"collection":[{"href":"https:\/\/www.ego-3d.de\/modellbau\/wp-json\/wp\/v2\/pages"}],"about":[{"href":"https:\/\/www.ego-3d.de\/modellbau\/wp-json\/wp\/v2\/types\/page"}],"author":[{"embeddable":true,"href":"https:\/\/www.ego-3d.de\/modellbau\/wp-json\/wp\/v2\/users\/1"}],"replies":[{"embeddable":true,"href":"https:\/\/www.ego-3d.de\/modellbau\/wp-json\/wp\/v2\/comments?post=3141"}],"version-history":[{"count":2,"href":"https:\/\/www.ego-3d.de\/modellbau\/wp-json\/wp\/v2\/pages\/3141\/revisions"}],"predecessor-version":[{"id":3143,"href":"https:\/\/www.ego-3d.de\/modellbau\/wp-json\/wp\/v2\/pages\/3141\/revisions\/3143"}],"wp:attachment":[{"href":"https:\/\/www.ego-3d.de\/modellbau\/wp-json\/wp\/v2\/media?parent=3141"}],"curies":[{"name":"wp","href":"https:\/\/api.w.org\/{rel}","templated":true}]}}